{"id":76,"date":"2024-06-13T12:56:50","date_gmt":"2024-06-13T09:56:50","guid":{"rendered":"http:\/\/binnurdumanakademi.org\/?page_id=76"},"modified":"2024-06-13T16:04:51","modified_gmt":"2024-06-13T13:04:51","slug":"psisik-ameliyat-calismasi","status":"publish","type":"page","link":"https:\/\/binnurdumanakademi.org\/index.php\/psisik-ameliyat-calismasi\/","title":{"rendered":"Psi\u015fik Ameliyat \u00c7al\u0131\u015fmas\u0131"},"content":{"rendered":"<div data-colibri-id=\"76-c1\" class=\"style-474 style-local-76-c1 position-relative\">\n  <!---->\n  <div data-colibri-component=\"section\" data-colibri-id=\"76-c2\" id=\"custom\" class=\"h-section h-section-global-spacing d-flex align-items-lg-center align-items-md-center align-items-center style-475 style-local-76-c2 position-relative\">\n    <!---->\n    <!---->\n    <div class=\"h-section-grid-container h-section-boxed-container\">\n      <!---->\n      <div data-colibri-id=\"76-c3\" class=\"h-row-container gutters-row-lg-0 gutters-row-md-0 gutters-row-0 gutters-row-v-lg-0 gutters-row-v-md-0 gutters-row-v-0 style-478 style-local-76-c3 position-relative\">\n        <!---->\n        <div class=\"h-row justify-content-lg-center justify-content-md-center justify-content-center align-items-lg-stretch align-items-md-stretch align-items-stretch gutters-col-lg-0 gutters-col-md-0 gutters-col-0 gutters-col-v-lg-0 gutters-col-v-md-0 gutters-col-v-0\">\n          <!---->\n          <div class=\"h-column h-column-container d-flex h-col-lg-auto h-col-md-auto h-col-auto style-479-outer style-local-76-c4-outer\">\n            <div data-colibri-id=\"76-c4\" class=\"d-flex h-flex-basis h-column__inner h-px-lg-0 h-px-md-0 h-px-0 v-inner-lg-0 v-inner-md-0 v-inner-0 style-479 style-local-76-c4 position-relative\">\n              <!---->\n              <!---->\n              <div class=\"w-100 h-y-container h-column__content h-column__v-align flex-basis-100 align-self-lg-start align-self-md-start align-self-start\">\n                <!---->\n                <div data-colibri-id=\"76-c5\" class=\"d-block style-480 style-local-76-c5 position-relative h-element\">\n                  <!---->\n                  <div class=\"h-image__frame-container-outer\">\n                    <div class=\"h-image__frame-container\">\n                      <!---->\n                      <!---->\n                      <img loading=\"lazy\" decoding=\"async\" width=\"1284\" height=\"2282\" src=\"https:\/\/binnurdumanakademi.org\/wp-content\/uploads\/2024\/06\/Ameliyat.jpg\" class=\"wp-image-351 style-480-image style-local-76-c5-image\" alt=\"\" srcset=\"https:\/\/binnurdumanakademi.org\/wp-content\/uploads\/2024\/06\/Ameliyat.jpg 1284w, https:\/\/binnurdumanakademi.org\/wp-content\/uploads\/2024\/06\/Ameliyat-169x300.jpg 169w, https:\/\/binnurdumanakademi.org\/wp-content\/uploads\/2024\/06\/Ameliyat-576x1024.jpg 576w, https:\/\/binnurdumanakademi.org\/wp-content\/uploads\/2024\/06\/Ameliyat-768x1365.jpg 768w, https:\/\/binnurdumanakademi.org\/wp-content\/uploads\/2024\/06\/Ameliyat-864x1536.jpg 864w, https:\/\/binnurdumanakademi.org\/wp-content\/uploads\/2024\/06\/Ameliyat-1152x2048.jpg 1152w\" sizes=\"auto, (max-width: 1284px) 100vw, 1284px\" \/>\n                      <div class=\"h-image__frame h-hide-lg h-hide-md h-hide-sm style-480-frameImage style-local-76-c5-frameImage\"><\/div>\n                    <\/div>\n                  <\/div>\n                <\/div>\n              <\/div>\n            <\/div>\n          <\/div>\n        <\/div>\n      <\/div>\n      <div data-colibri-id=\"76-c6\" class=\"h-row-container gutters-row-lg-2 gutters-row-md-2 gutters-row-0 gutters-row-v-lg-2 gutters-row-v-md-2 gutters-row-v-2 style-481 style-local-76-c6 position-relative\">\n        <!---->\n        <div class=\"h-row justify-content-lg-center justify-content-md-center justify-content-center align-items-lg-stretch align-items-md-stretch align-items-stretch gutters-col-lg-2 gutters-col-md-2 gutters-col-0 gutters-col-v-lg-2 gutters-col-v-md-2 gutters-col-v-2\">\n          <!---->\n          <div class=\"h-column h-column-container d-flex h-col-lg-auto h-col-md-auto h-col-auto style-482-outer style-local-76-c7-outer\">\n            <div data-colibri-id=\"76-c7\" class=\"d-flex h-flex-basis h-column__inner h-px-lg-2 h-px-md-2 h-px-2 v-inner-lg-2 v-inner-md-2 v-inner-2 style-482 style-local-76-c7 position-relative\">\n              <!---->\n              <!---->\n              <div class=\"w-100 h-y-container h-column__content h-column__v-align flex-basis-100 align-self-lg-start align-self-md-start align-self-start\">\n                <!---->\n                <div data-colibri-id=\"76-c8\" class=\"h-text h-text-component style-483 style-local-76-c8 position-relative h-element\">\n                  <!---->\n                  <!---->\n                  <div class=\"\">\n                    <p>Psi\u015fik Ameliyat \u00c7al\u0131\u015fmas\u0131 bire bir ki\u015fiye \u00f6zel online olarak uzaktan yap\u0131labilmektedir. <\/p>\n                    <p>Gelmeden de kendi konfor alan\u0131n\u0131zda \u00e7ok daha verimli alabilece\u011finiz bu \u00e7al\u0131\u015fma olduk\u00e7a g\u00fcvenli bir \u00e7al\u0131\u015fmad\u0131r\u2026 <\/p>\n                    <p>Bu \u00e7al\u0131\u015fma ,Hem bilin\u00e7 boyutu olarak , hem de akademik anlamda yetkinlik gerektiren bir \u00fcstat taraf\u0131ndan Yap\u0131lmas\u0131 \u00f6nemlidir. <\/p>\n                    <p>Aksi taktirde Ki\u015finin Auras\u0131na ve bilin\u00e7alt\u0131na girmek fayda yerine zarar verir. yapan ki\u015finin Akademik yetkinli\u011fi bu konudaki donan\u0131m\u0131, Spirit\u00fcel anlamda yetkinli\u011fi , beyin dalgalar\u0131n\u0131 iyi y\u00f6netebilmeyi ve rezonansa ge\u00e7meyi , duygu\n                      frekanslar\u0131n\u0131 iyi y\u00f6netebilmeyi ve enerji noktalar\u0131n\u0131n iyi bilmeyi gerektiren ,astral boyutta yap\u0131lan Mental bir \u00e7al\u0131\u015fmad\u0131r..<\/p>\n                    <p> \u00dcstad\u0131n Daha \u00f6nce yapt\u0131\u011f\u0131 \u00e7al\u0131\u015fmalardaki geri d\u00f6n\u00fc\u015fleride bu anlamda \u00e7ok \u00f6nemlidir. Bu \u00e7al\u0131\u015fmay\u0131 Uygulayan \u00fcstad\u0131n kendi enerjisi,Ruhsal ve zihinsel duygusal ve bedensel olarak sa\u011fl\u0131kl\u0131 olmas\u0131 hayat\u0131, ya\u015fam\u0131, bile do\u011fru ki\u015fi olup olmad\u0131\u011f\u0131\n                      konusunda ipucudur. <\/p>\n                    <p>K\u0131sacas\u0131 Kendini \u015fifaland\u0131ramayan ba\u015fkalar\u0131n\u0131 \u015fifaland\u0131ramaz Bu \u00e7al\u0131\u015fmada ,t\u00fcm zihinsel travmalar, zihin oyunlar\u0131 ,negatif d\u00fc\u015f\u00fcnce kal\u0131plara ,olumsuz paternler ,olumsuz bak\u0131\u015f a\u00e7\u0131lar\u0131, Geli\u015fimi engelleyen \u00e7ocukluktan y\u00fcklenmi\u015f \u00c7ekirdek\n                      inan\u00e7lar ,\u00f6\u011frenilmi\u015f \u00e7aresizlikler ve ki\u015fiyi engelleyen bilin\u00e7alt\u0131 kay\u0131tlar\u0131 \u00fczerine \u00e7al\u0131\u015f\u0131l\u0131r Ruhsal t\u00fcm s\u0131k\u0131nt\u0131lar korkular ,kayg\u0131lar ,kayg\u0131 bozukluklari ,endi\u015fe ,panik , obsesif tak\u0131nt\u0131lar ,anksiyete depresyon ve,i\u00e7sel huzursuzluk\n                      ,\u00d6fke kontrol\u00fc stres y\u00f6netimi ve FOB\u0130LER Ve \u00e7e\u015fitli psi\u015fik enerjilerin Yaratt\u0131\u011f\u0131 derin diplerdeki k\u00f6t\u00fc ruh halinin iyile\u015ftirilmesi sa\u011flan\u0131r Bedensel anlamda ise bedende var olan hastal\u0131klar; alerjiler, a\u011fr\u0131lar s\u0131z\u0131lar ,Endokrin sistemde\n                      ve metabolik d\u00fczende t\u00fcm t\u0131kan\u0131kl\u0131klar ,bir \u00e7ok hastal\u0131\u011f\u0131n alt\u0131nda yatan zihinsel ve duygusal nedenleri ortadan kalkar ,problemin alt\u0131ndaki ana neden kalkt\u0131\u011f\u0131nda yava\u015f yava\u015f bedendeki olumsuz Belirtileride kaybolur Duygusal ar\u0131nma\n                      ger\u00e7ekle\u015fir moral ,motivasyon , ya\u015famdan zevk almak ,hayat\u0131n g\u00fczelliklerinin fark\u0131na varmak , An\u2019da kalmas\u0131n\u0131 sa\u011flamak ,onda fark\u0131ndal\u0131k yaratmak affetmesini sa\u011flamak, duygusal a\u00e7l\u0131k-lar\u0131n\u0131 gidermek , Ba\u011f\u0131ml\u0131l\u0131klardan kurtarmakt\u0131r\n                      ama\u00e7.. .<\/p>\n                    <p>Ki\u015finin Kendisiyle olan ili\u015fkisi d\u00fczeldi\u011finde herkesle olan ili\u015fkisi d\u00fczelir Bu \u00e7al\u0131\u015fmada Aura Temizli\u011fi Aura g\u00fc\u00e7lendirme yap\u0131larak Aurada ki y\u0131rt\u0131klar onar\u0131l\u0131r. <\/p>\n                    <p>Ki\u015finin Auras\u0131 temizlendi\u011finde beden Ba\u011f\u0131\u015f\u0131kl\u0131\u011f\u0131n\u0131 y\u00fckselir, ruhsal modu ve motivasyonunu y\u00fckselir temiz ve parlak bir Aura sayg\u0131nl\u0131\u011f\u0131n\u0131 \u00e7ekicili\u011fini, kabul g\u00f6rmesi takdir edilmesi ve onaylamas\u0131n\u0131 etkiler. \u0131\u015f\u0131\u011f\u0131d\u0131r ayn\u0131 zamanda \u015fans\u0131n\u0131\n                      a\u00e7ar y\u0131ld\u0131z\u0131 y\u00fckselir.<\/p>\n                    <p>Aura halk aras\u0131nda y\u0131ld\u0131z denen kavram\u0131n spirit\u00fcel ad\u0131d\u0131r . <\/p>\n                    <p>G\u00fc\u00e7l\u00fc ve temiz Bir auraya sahip Y\u00fcksek frekansta olan bedenlerin \u00fczerine \u00fc\u00e7\u00fcnc\u00fc boyut varl\u0131klar\u0131 ve psi\u015fik ataklar tutunamazlar . <\/p>\n                    <p>Temiz aura G\u00f6r\u00fcn\u00fcr olmay\u0131 farkedilir olmay\u0131 etkliler ba\u015fkalar\u0131yla daha iyi ili\u015fkiler kurmaya yard\u0131mc\u0131 olur. \u0130nsanlar do\u011fal olarak ; auras\u0131 temiz ve enerjiyle \u0131\u015f\u0131ldayan biri herkeste hayranl\u0131k uyand\u0131r\u0131r <\/p>\n                    <p>\n                      <br>\n                    <\/p>\n                    <p>Bu \u00e7al\u0131\u015fmay\u0131 evinden ONL\u0130NE alan insanlar\u0131n Ya\u015fad\u0131klar\u0131 mekanlar da bu iyi enerjinin etkisiyle temizlenir Hatta evdeki insanlar da bu enerji ak\u0131m\u0131ndan pozitif anlamda etkilenir <\/p>\n                    <p>Evde ne\u011fatif enerji Temizli\u011fi yap\u0131l\u0131r ve onlar\u0131n bulunduklar\u0131 mekandaki enerji alan\u0131 temizlenmi\u015f olur <\/p>\n                    <p>Ac\u0131 ve \u00dcz\u00fcnt\u00fcleri ila\u00e7la antidepresanlarla uyutmak semptomlar\u0131 bast\u0131rmak problemi \u00e7\u00f6zmez sorunlar\u0131n alt\u0131nda yatan as\u0131l nedeni inmek ve onu \u00e7\u00f6zmek gerekir k\u00f6kten iyile\u015fme fark\u0131ndal\u0131kla kendini derinden tan\u0131makla olur b\u00fct\u00fcn bu kabuklar\n                      k\u0131r\u0131ld\u0131\u011f\u0131nda i\u00e7indeki sen a\u00e7\u0131\u011fa \u00c7\u0131kt\u0131\u011f\u0131nda ne korku kal\u0131r ne g\u00fcvensizlik ne huzursuzluk ne stres,ne \u00f6fke ne de hastal\u0131k Kendini buldu\u011funda ger\u00e7ek mucizeyi ke\u015ffetmi\u015f olursun <\/p>\n                    <p>DNA lar\u0131nda sakl\u0131 olan ola\u011fan\u00fcst\u00fc \u015fifreleri \u00e7\u00f6z\u00fclm\u00fc\u015f olur. b\u00fct\u00fcn bunlar Uygulad\u0131\u011f\u0131m\u0131z iki g\u00fcnl\u00fck PS\u0130\u015e\u0130K ameliyattan sonra ger\u00e7ekle\u015fir <\/p>\n                    <p>\n                      <br>\n                    <\/p>\n                    <p>Psi\u015fik ameliyat \u00e7al\u0131\u015fmas\u0131ndan sonra neler ya\u015fan\u0131r Kronik hastal\u0131klar\u0131n\u0131z\u0131 yava\u015f yava\u015f ortadan kald\u0131r\u0131r. Ba\u011f\u0131\u015f\u0131kl\u0131k sisteminizi g\u00fc\u00e7lendirerek sizi hastal\u0131klara kar\u015f\u0131 korur. <\/p>\n                    <p>Stresli zamanlar\u0131n\u0131zda sizi rahatlat\u0131r ve sakinle\u015ftirir. Korku duygusunu yenmenize yard\u0131m eder. Kafan\u0131z kar\u0131\u015f\u0131k oldu\u011funda d\u00fc\u015f\u00fcncelerinizi netle\u015ftirmenizi sa\u011flar. A\u011fr\u0131 ve ac\u0131lar\u0131n\u0131z\u0131 azalt\u0131r. <\/p>\n                    <p>D\u00fc\u015f\u00fcncelerinizi do\u011fru noktaya y\u00f6nlendirmenize yard\u0131m eder. Varolan hastal\u0131klar\u0131n\u0131z\u0131n ilerlemesini durdurur. V\u00fccudunuzu toksinlerden ar\u0131nd\u0131r\u0131r ve oksidan ve ya\u015fland\u0131r\u0131c\u0131 maddelerin v\u00fccuttan at\u0131m\u0131n\u0131 sa\u011flar.Gen\u00e7le\u015ftirici antiaging bir\n                      de\u011fi\u015fim sa\u011flar sizi din\u00e7le\u015ftirir ve ya\u015flanma etkilerini azalt\u0131r. <\/p>\n                    <p>Duygusal blokajlar\u0131 \u00e7\u00f6zer ve duygusal sorunlar\u0131n\u0131z\u0131 \u00e7\u00f6zmenize yard\u0131m eder. Sezgisel yeteneklerinizi ve fark\u0131ndal\u0131\u011f\u0131n\u0131z\u0131 artt\u0131r\u0131r. <\/p>\n                    <p>V\u00fccudunuzdaki yaralar\u0131n daha kolay ge\u00e7mesini sa\u011flar. \u0130nsanlarla ili\u015fkilerinizde daha sakin ve daha yap\u0131c\u0131 olman\u0131za yard\u0131m eder. <\/p>\n                    <p>Sanatsal \u00fcretkenli\u011finizi artt\u0131r\u0131r ve ilham alman\u0131z\u0131 kolayla\u015ft\u0131r\u0131r. <\/p>\n                    <p>Kin, nefret,\u00f6fke gibi zarar verici duygulardan s\u0131yr\u0131lman\u0131za yard\u0131m eder. Tolerans\u0131n\u0131z artar Bilin\u00e7alt\u0131n\u0131zda ge\u00e7mi\u015ften tak\u0131l\u0131 sorunlar\u0131 tedavi eder. Kendiniz i\u00e7in daha do\u011fru ve iyi olan\u0131 bulman\u0131za yard\u0131m eder.Do\u011fru kararlar alman\u0131z\u0131\n                      ve kararlar\u0131n\u0131n arkas\u0131nda durman\u0131z\u0131 sa\u011flar Cinsel sorunlar\u0131n\u0131z\u0131n \u00e7\u00f6z\u00fclmesinde yard\u0131mc\u0131 olur. <\/p>\n                    <p>Psikolojik rahats\u0131zl\u0131klarda,fobilerde ve depresyonda olumlu sonu\u00e7lar verir. Sevgi ve ilgi duygular\u0131n\u0131z\u0131 art\u0131r\u0131r ve duygusal ili\u015fkilerinize olumlu katk\u0131s\u0131 olur. Uykusuzluk, bitkinlik ve isteksizlik gibi sorunlar\u0131n\u0131z\u0131n \u00e7\u00f6z\u00fclmesine yard\u0131m\n                      eder.<\/p>\n                    <p>Derin ve kaliteli REM uykular\u0131 uyuman\u0131z\u0131 sa\u011flar ve uyku boyunca melatonin hormonunun aktif bir \u015fekilde \u00e7al\u0131\u015fmas\u0131n\u0131 sa\u011flar Fiziksel,psikolojik ve zihinsel sorunlar\u0131n \u00e7\u00f6z\u00fcmlenmesine yard\u0131m etmesi ve di\u011fer pozitif etkileri hem i\u015f ya\u015fam\u0131nda\n                      hem duygusal ya\u015fam\u0131n\u0131zda hem de sosyal ili\u015fkilerinizde sizi destekleyecek ve \u00e7ok daha mutlu bir insan olman\u0131za yard\u0131m eder Duygular\u0131n\u0131z\u0131 art\u0131r\u0131r ve duygusal ili\u015fkilerinize olumlu katk\u0131 sa\u011flar. Kronikle\u015fmi\u015f olan rahats\u0131zl\u0131klar\u0131n\u0131z\u0131\n                      s\u00fcre\u00e7 i\u00e7inde iyile\u015ftirir.<\/p>\n                    <p> Ba\u011f\u0131\u015f\u0131kl\u0131k sisteminizi g\u00fc\u00e7lendirerek ilerde olas\u0131 rahats\u0131zl\u0131klara kar\u015f\u0131 korur Asabiyet ve sinirli zamanlar\u0131n\u0131zda sizi rahatlat\u0131r ve sakinle\u015ftirir. \u0130nsanlarla kurulan ileti\u015fimleri g\u00fc\u00e7lendirir Y\u00fcz\u00fcn\u00fcz\u00fcn rengi bile de\u011fi\u015fir hep parlak\n                      hep I\u015f\u0131l I\u015f\u0131ls\u0131n\u0131zd\u0131r ve hep g\u00fcl\u00fcmsersiniz Beni di\u011ferlerinden farkl\u0131 k\u0131lan bu teknikleri y\u00f6ntemleri uygulamakla \u0130yile\u015ftirme sa\u011flad\u0131\u011f\u0131 gibi ki\u015fiye Bu y\u00f6ntem ve teknikleri \u00f6\u011freterek onun i\u00e7indeki yarat\u0131c\u0131y\u0131 ustay\u0131 a\u00e7\u0131\u011fa \u00e7\u0131karmak ,\n                      ona kendi kendini Bundan sonraki s\u00fcre\u00e7te de iyile\u015ftirmeyi ve etraf\u0131ndaki insanlarada faydal\u0131 olmas\u0131n\u0131 sa\u011flamak, ona \u00f6\u011fretmek ve s\u00fcre\u00e7 boyunca rehberlik yapmakt\u0131r Ve ,t\u00fcm bu \u00e7al\u0131\u015fmalar\u0131 uygulamalar\u0131 herkese ula\u015ft\u0131rmak b\u00fct\u00fcne hizmet\n                      etmektir <\/p>\n                    <p>\n                      <br>\n                    <\/p>\n                    <p>T\u00fcm bu \u0130yile\u015ftirmeler yap\u0131lmadan yani Ruhsal, Zihinsel,Duygusal, Bedensel ve ya\u015famsal 5 boyuttaki \u00e7al\u0131\u015fma yap\u0131lmadan yap\u0131lan Uygulamalar uygulamalar \u00f6\u011fretiler inisiyeler sonu\u00e7 vermez bunlar\u0131n tamamen d\u00fczeltilmesi bu iyile\u015ftirmelerin\n                      yap\u0131lmas\u0131 sonras\u0131nda el verme insiye \u00e7al\u0131\u015fmas\u0131 uygulanmal\u0131d\u0131r Bu iyile\u015ftirmeler ki\u015finin hayat\u0131nda kal\u0131c\u0131 olmakla beraber, ki\u015fi bundan sonraki s\u00fcre\u00e7te bana ba\u011f\u0131ml\u0131 kalmay\u0131p kendi hayat\u0131nda kendi yolculu\u011funda yol almas\u0131n\u0131 sa\u011flam\u0131\u015f\n                      oluyoruz <\/p>\n                  <\/div>\n                <\/div>\n              <\/div>\n            <\/div>\n          <\/div>\n        <\/div>\n      <\/div>\n    <\/div>\n  <\/div>\n<\/div>","protected":false},"excerpt":{"rendered":"<p>Psi\u015fik Ameliyat \u00c7al\u0131\u015fmas\u0131 bire bir ki\u015fiye \u00f6zel online olarak uzaktan yap\u0131labilmektedir. Gelmeden de kendi konfor alan\u0131n\u0131zda \u00e7ok daha verimli alabilece\u011finiz bu \u00e7al\u0131\u015fma olduk\u00e7a g\u00fcvenli bir \u00e7al\u0131\u015fmad\u0131r\u2026 Bu \u00e7al\u0131\u015fma ,Hem bilin\u00e7 boyutu olarak , hem de akademik anlamda yetkinlik gerektiren bir \u00fcstat taraf\u0131ndan Yap\u0131lmas\u0131 \u00f6nemlidir. Aksi taktirde Ki\u015finin Auras\u0131na ve bilin\u00e7alt\u0131na girmek fayda yerine zarar verir. [&hellip;]<\/p>\n","protected":false},"author":1,"featured_media":0,"parent":0,"menu_order":0,"comment_status":"closed","ping_status":"closed","template":"page-templates\/full-width-page.php","meta":{"footnotes":""},"class_list":["post-76","page","type-page","status-publish","hentry"],"_links":{"self":[{"href":"https:\/\/binnurdumanakademi.org\/index.php\/wp-json\/wp\/v2\/pages\/76","targetHints":{"allow":["GET"]}}],"collection":[{"href":"https:\/\/binnurdumanakademi.org\/index.php\/wp-json\/wp\/v2\/pages"}],"about":[{"href":"https:\/\/binnurdumanakademi.org\/index.php\/wp-json\/wp\/v2\/types\/page"}],"author":[{"embeddable":true,"href":"https:\/\/binnurdumanakademi.org\/index.php\/wp-json\/wp\/v2\/users\/1"}],"replies":[{"embeddable":true,"href":"https:\/\/binnurdumanakademi.org\/index.php\/wp-json\/wp\/v2\/comments?post=76"}],"version-history":[{"count":3,"href":"https:\/\/binnurdumanakademi.org\/index.php\/wp-json\/wp\/v2\/pages\/76\/revisions"}],"predecessor-version":[{"id":393,"href":"https:\/\/binnurdumanakademi.org\/index.php\/wp-json\/wp\/v2\/pages\/76\/revisions\/393"}],"wp:attachment":[{"href":"https:\/\/binnurdumanakademi.org\/index.php\/wp-json\/wp\/v2\/media?parent=76"}],"curies":[{"name":"wp","href":"https:\/\/api.w.org\/{rel}","templated":true}]}}