{"id":43,"date":"2024-06-13T12:02:48","date_gmt":"2024-06-13T09:02:48","guid":{"rendered":"http:\/\/binnurdumanakademi.org\/?page_id=43"},"modified":"2024-08-21T21:35:11","modified_gmt":"2024-08-21T18:35:11","slug":"calismalarimiz","status":"publish","type":"page","link":"https:\/\/binnurdumanakademi.org\/index.php\/calismalarimiz\/","title":{"rendered":"\u00c7al\u0131\u015fmalar\u0131m\u0131z"},"content":{"rendered":"<div data-colibri-id=\"43-c1\" class=\"style-703 style-local-43-c1 position-relative\">\n  <!---->\n  <div data-colibri-component=\"section\" data-colibri-id=\"43-c2\" id=\"custom\" class=\"h-section h-section-global-spacing d-flex align-items-lg-center align-items-md-center align-items-center style-704 style-local-43-c2 position-relative\">\n    <!---->\n    <!---->\n    <div class=\"h-section-grid-container h-section-boxed-container\">\n      <!---->\n      <div data-colibri-id=\"43-c3\" class=\"h-row-container gutters-row-lg-2 gutters-row-md-2 gutters-row-0 gutters-row-v-lg-2 gutters-row-v-md-2 gutters-row-v-2 style-714 style-local-43-c3 position-relative\">\n        <!---->\n        <div class=\"h-row justify-content-lg-center justify-content-md-center justify-content-center align-items-lg-stretch align-items-md-stretch align-items-stretch gutters-col-lg-2 gutters-col-md-2 gutters-col-0 gutters-col-v-lg-2 gutters-col-v-md-2 gutters-col-v-2\">\n          <!---->\n          <div class=\"h-column h-column-container d-flex h-col-lg-auto h-col-md-auto h-col-auto style-715-outer style-local-43-c4-outer\">\n            <div data-colibri-id=\"43-c4\" class=\"d-flex h-flex-basis h-column__inner h-px-lg-2 h-px-md-2 h-px-2 v-inner-lg-2 v-inner-md-2 v-inner-2 style-715 style-local-43-c4 position-relative\">\n              <!---->\n              <!---->\n              <div class=\"w-100 h-y-container h-column__content h-column__v-align flex-basis-100 align-self-lg-start align-self-md-start align-self-start\">\n                <!---->\n                <div data-colibri-id=\"43-c5\" class=\"h-global-transition-all h-heading style-716 style-local-43-c5 position-relative h-element\">\n                  <!---->\n                  <div class=\"h-heading__outer style-716 style-local-43-c5\">\n                    <!---->\n                    <!---->\n                    <h3 class=\"\">\u00c7ALI\u015eMALARIMIZ<\/h3>\n                  <\/div>\n                <\/div>\n              <\/div>\n            <\/div>\n          <\/div>\n        <\/div>\n      <\/div>\n      <div data-colibri-id=\"43-c6\" class=\"h-row-container gutters-row-lg-2 gutters-row-md-2 gutters-row-0 gutters-row-v-lg-2 gutters-row-v-md-2 gutters-row-v-2 style-707 style-local-43-c6 position-relative\">\n        <!---->\n        <div class=\"h-row justify-content-lg-center justify-content-md-center justify-content-center align-items-lg-stretch align-items-md-stretch align-items-stretch gutters-col-lg-2 gutters-col-md-2 gutters-col-0 gutters-col-v-lg-2 gutters-col-v-md-2 gutters-col-v-2\">\n          <!---->\n          <div class=\"h-column h-column-container d-flex h-col-lg-4 h-col-md-4 h-col-12 style-708-outer style-local-43-c7-outer\">\n            <div data-colibri-id=\"43-c7\" class=\"d-flex h-flex-basis h-column__inner h-px-lg-2 h-px-md-2 h-px-2 v-inner-lg-2 v-inner-md-2 v-inner-2 style-708 style-local-43-c7 position-relative\">\n              <!---->\n              <!---->\n              <div class=\"w-100 h-y-container h-column__content h-column__v-align flex-basis-100 align-self-lg-start align-self-md-start align-self-start\">\n                <!---->\n                <div data-colibri-id=\"43-c8\" class=\"d-block style-718 style-local-43-c8 position-relative h-element\">\n                  <!---->\n                  <div class=\"h-image__frame-container-outer\">\n                    <a href=\"https:\/\/binnurdumanakademi.org\/index.php\/anne-karni-sifa-calismasi\/\" h-use-smooth-scroll=\"true\" class=\"image-link\">\n                      <div class=\"h-image__frame-container\">\n                        <!---->\n                        <!---->\n                        <img loading=\"lazy\" decoding=\"async\" width=\"398\" height=\"400\" src=\"https:\/\/binnurdumanakademi.org\/wp-content\/uploads\/2024\/06\/cropped-hamile.png\" class=\"wp-image-803 style-718-image style-local-43-c8-image\" alt=\"\" srcset=\"https:\/\/binnurdumanakademi.org\/wp-content\/uploads\/2024\/06\/cropped-hamile.png 398w, https:\/\/binnurdumanakademi.org\/wp-content\/uploads\/2024\/06\/cropped-hamile-150x150.png 150w\" sizes=\"auto, (max-width: 398px) 100vw, 398px\" \/>\n                        <div class=\"h-image__frame h-hide-lg h-hide-md h-hide-sm style-718-frameImage style-local-43-c8-frameImage\"><\/div>\n                      <\/div>\n                    <\/a>\n                  <\/div>\n                <\/div>\n                <div data-colibri-id=\"43-c9\" class=\"h-global-transition-all h-heading style-717 style-local-43-c9 position-relative h-element\">\n                  <!---->\n                  <div class=\"h-heading__outer style-717 style-local-43-c9\">\n                    <!---->\n                    <!---->\n                    <a href=\"https:\/\/binnurdumanakademi.org\/index.php\/anne-karni-sifa-calismasi\/\" h-use-smooth-scroll=\"true\">\n                      <h3 class=\"\">Anne Karn\u0131 \u015eifa \u00c7al\u0131\u015fmas\u0131<\/h3>\n                    <\/a>\n                  <\/div>\n                <\/div>\n              <\/div>\n            <\/div>\n          <\/div>\n          <div class=\"h-column h-column-container d-flex h-col-lg-4 h-col-md-4 h-col-12 style-709-outer style-local-43-c10-outer\">\n            <div data-colibri-id=\"43-c10\" class=\"d-flex h-flex-basis h-column__inner h-px-lg-2 h-px-md-2 h-px-2 v-inner-lg-2 v-inner-md-2 v-inner-2 style-709 style-local-43-c10 position-relative\">\n              <!---->\n              <!---->\n              <div class=\"w-100 h-y-container h-column__content h-column__v-align flex-basis-100 align-self-lg-start align-self-md-start align-self-start\">\n                <!---->\n                <div data-colibri-id=\"43-c11\" class=\"d-block style-719 style-local-43-c11 position-relative h-element\">\n                  <!---->\n                  <div class=\"h-image__frame-container-outer\">\n                    <a href=\"https:\/\/binnurdumanakademi.org\/index.php\/anne-ve-babayla-helallesme-calismasi\/\" h-use-smooth-scroll=\"true\" class=\"image-link\">\n                      <div class=\"h-image__frame-container\">\n                        <!---->\n                        <!---->\n                        <img loading=\"lazy\" decoding=\"async\" width=\"398\" height=\"400\" src=\"https:\/\/binnurdumanakademi.org\/wp-content\/uploads\/2024\/06\/cropped-anne-baba.png\" class=\"wp-image-804 style-719-image style-local-43-c11-image\" alt=\"\" srcset=\"https:\/\/binnurdumanakademi.org\/wp-content\/uploads\/2024\/06\/cropped-anne-baba.png 398w, https:\/\/binnurdumanakademi.org\/wp-content\/uploads\/2024\/06\/cropped-anne-baba-150x150.png 150w\" sizes=\"auto, (max-width: 398px) 100vw, 398px\" \/>\n                        <div class=\"h-image__frame h-hide-lg h-hide-md h-hide-sm style-719-frameImage style-local-43-c11-frameImage\"><\/div>\n                      <\/div>\n                    <\/a>\n                  <\/div>\n                <\/div>\n                <div data-colibri-id=\"43-c12\" class=\"h-global-transition-all h-heading style-720 style-local-43-c12 position-relative h-element\">\n                  <!---->\n                  <div class=\"h-heading__outer style-720 style-local-43-c12\">\n                    <!---->\n                    <!---->\n                    <a href=\"https:\/\/binnurdumanakademi.org\/index.php\/anne-ve-babayla-helallesme-calismasi\/\" h-use-smooth-scroll=\"true\">\n                      <h3 class=\"\">Anne ve Babayla Helalle\u015fme \u00c7al\u0131\u015fmas\u0131<\/h3>\n                    <\/a>\n                  <\/div>\n                <\/div>\n              <\/div>\n            <\/div>\n          <\/div>\n          <div class=\"h-column h-column-container d-flex h-col-lg-4 h-col-md-4 h-col-12 style-710-outer style-local-43-c13-outer\">\n            <div data-colibri-id=\"43-c13\" class=\"d-flex h-flex-basis h-column__inner h-px-lg-2 h-px-md-2 h-px-2 v-inner-lg-2 v-inner-md-2 v-inner-2 style-710 style-local-43-c13 position-relative\">\n              <!---->\n              <!---->\n              <div class=\"w-100 h-y-container h-column__content h-column__v-align flex-basis-100 align-self-lg-start align-self-md-start align-self-start\">\n                <!---->\n                <div data-colibri-id=\"43-c14\" class=\"d-block style-721 style-local-43-c14 position-relative h-element\">\n                  <!---->\n                  <div class=\"h-image__frame-container-outer\">\n                    <a href=\"https:\/\/binnurdumanakademi.org\/index.php\/psisik-calisma\/\" h-use-smooth-scroll=\"true\" class=\"image-link\">\n                      <div class=\"h-image__frame-container\">\n                        <!---->\n                        <!---->\n                        <img loading=\"lazy\" decoding=\"async\" width=\"1281\" height=\"1281\" src=\"https:\/\/binnurdumanakademi.org\/wp-content\/uploads\/2024\/06\/cropped-Ameliyat.jpg\" class=\"wp-image-805 style-721-image style-local-43-c14-image\" alt=\"\" srcset=\"https:\/\/binnurdumanakademi.org\/wp-content\/uploads\/2024\/06\/cropped-Ameliyat.jpg 1281w, https:\/\/binnurdumanakademi.org\/wp-content\/uploads\/2024\/06\/cropped-Ameliyat-300x300.jpg 300w, https:\/\/binnurdumanakademi.org\/wp-content\/uploads\/2024\/06\/cropped-Ameliyat-1024x1024.jpg 1024w, https:\/\/binnurdumanakademi.org\/wp-content\/uploads\/2024\/06\/cropped-Ameliyat-150x150.jpg 150w, https:\/\/binnurdumanakademi.org\/wp-content\/uploads\/2024\/06\/cropped-Ameliyat-768x768.jpg 768w\" sizes=\"auto, (max-width: 1281px) 100vw, 1281px\" \/>\n                        <div class=\"h-image__frame h-hide-lg h-hide-md h-hide-sm style-721-frameImage style-local-43-c14-frameImage\"><\/div>\n                      <\/div>\n                    <\/a>\n                  <\/div>\n                <\/div>\n                <div data-colibri-id=\"43-c15\" class=\"h-global-transition-all h-heading style-722 style-local-43-c15 position-relative h-element\">\n                  <!---->\n                  <div class=\"h-heading__outer style-722 style-local-43-c15\">\n                    <!---->\n                    <!---->\n                    <a href=\"https:\/\/binnurdumanakademi.org\/index.php\/psisik-calisma\/\" h-use-smooth-scroll=\"true\">\n                      <h3 class=\"\">Psi\u015fik \u00c7al\u0131\u015fma<\/h3>\n                    <\/a>\n                  <\/div>\n                <\/div>\n              <\/div>\n            <\/div>\n          <\/div>\n        <\/div>\n      <\/div>\n      <div data-colibri-id=\"43-c16\" class=\"h-row-container gutters-row-lg-2 gutters-row-md-2 gutters-row-0 gutters-row-v-lg-2 gutters-row-v-md-2 gutters-row-v-2 style-705 style-local-43-c16 position-relative\">\n        <!---->\n        <div class=\"h-row justify-content-lg-center justify-content-md-center justify-content-center align-items-lg-stretch align-items-md-stretch align-items-stretch gutters-col-lg-2 gutters-col-md-2 gutters-col-0 gutters-col-v-lg-2 gutters-col-v-md-2 gutters-col-v-2\">\n          <!---->\n          <div class=\"h-column h-column-container d-flex h-col-lg-4 h-col-md-4 h-col-12 style-706-outer style-local-43-c17-outer\">\n            <div data-colibri-id=\"43-c17\" class=\"d-flex h-flex-basis h-column__inner h-px-lg-2 h-px-md-2 h-px-2 v-inner-lg-2 v-inner-md-2 v-inner-2 style-706 style-local-43-c17 position-relative\">\n              <!---->\n              <!---->\n              <div class=\"w-100 h-y-container h-column__content h-column__v-align flex-basis-100 align-self-lg-start align-self-md-start align-self-start\">\n                <!---->\n                <div data-colibri-id=\"43-c18\" class=\"d-block style-723 style-local-43-c18 position-relative h-element\">\n                  <!---->\n                  <div class=\"h-image__frame-container-outer\">\n                    <a href=\"https:\/\/binnurdumanakademi.org\/index.php\/psisik-ameliyat-calismasi\/\" h-use-smooth-scroll=\"true\" class=\"image-link\">\n                      <div class=\"h-image__frame-container\">\n                        <!---->\n                        <!---->\n                        <img loading=\"lazy\" decoding=\"async\" width=\"1281\" height=\"1281\" src=\"https:\/\/binnurdumanakademi.org\/wp-content\/uploads\/2024\/06\/cropped-Ameliyat.jpg\" class=\"wp-image-805 style-723-image style-local-43-c18-image\" alt=\"\" srcset=\"https:\/\/binnurdumanakademi.org\/wp-content\/uploads\/2024\/06\/cropped-Ameliyat.jpg 1281w, https:\/\/binnurdumanakademi.org\/wp-content\/uploads\/2024\/06\/cropped-Ameliyat-300x300.jpg 300w, https:\/\/binnurdumanakademi.org\/wp-content\/uploads\/2024\/06\/cropped-Ameliyat-1024x1024.jpg 1024w, https:\/\/binnurdumanakademi.org\/wp-content\/uploads\/2024\/06\/cropped-Ameliyat-150x150.jpg 150w, https:\/\/binnurdumanakademi.org\/wp-content\/uploads\/2024\/06\/cropped-Ameliyat-768x768.jpg 768w\" sizes=\"auto, (max-width: 1281px) 100vw, 1281px\" \/>\n                        <div class=\"h-image__frame h-hide-lg h-hide-md h-hide-sm style-723-frameImage style-local-43-c18-frameImage\"><\/div>\n                      <\/div>\n                    <\/a>\n                  <\/div>\n                <\/div>\n                <div data-colibri-id=\"43-c19\" class=\"h-global-transition-all h-heading style-724 style-local-43-c19 position-relative h-element\">\n                  <!---->\n                  <div class=\"h-heading__outer style-724 style-local-43-c19\">\n                    <!---->\n                    <!---->\n                    <a href=\"https:\/\/binnurdumanakademi.org\/index.php\/psisik-ameliyat-calismasi\/\" h-use-smooth-scroll=\"true\">\n                      <h3 class=\"\">Psi\u015fik Ameliyat \u00c7al\u0131\u015fmas\u0131<\/h3>\n                    <\/a>\n                  <\/div>\n                <\/div>\n              <\/div>\n            <\/div>\n          <\/div>\n          <div class=\"h-column h-column-container d-flex h-col-lg-4 h-col-md-4 h-col-12 style-711-outer style-local-43-c20-outer\">\n            <div data-colibri-id=\"43-c20\" class=\"d-flex h-flex-basis h-column__inner h-px-lg-2 h-px-md-2 h-px-2 v-inner-lg-2 v-inner-md-2 v-inner-2 style-711 style-local-43-c20 position-relative\">\n              <!---->\n              <!---->\n              <div class=\"w-100 h-y-container h-column__content h-column__v-align flex-basis-100 align-self-lg-start align-self-md-start align-self-start\">\n                <!---->\n                <div data-colibri-id=\"43-c21\" class=\"d-block style-725 style-local-43-c21 position-relative h-element\">\n                  <!---->\n                  <div class=\"h-image__frame-container-outer\">\n                    <a href=\"https:\/\/binnurdumanakademi.org\/index.php\/7-kusak-atasal-soyagaci-calismasi\/\" h-use-smooth-scroll=\"true\" class=\"image-link\">\n                      <div class=\"h-image__frame-container\">\n                        <!---->\n                        <!---->\n                        <img loading=\"lazy\" decoding=\"async\" width=\"398\" height=\"401\" src=\"https:\/\/binnurdumanakademi.org\/wp-content\/uploads\/2024\/06\/cropped-Adsiz-Tasarim-Kopyasi-1.png\" class=\"wp-image-806 style-725-image style-local-43-c21-image\" alt=\"\" srcset=\"https:\/\/binnurdumanakademi.org\/wp-content\/uploads\/2024\/06\/cropped-Adsiz-Tasarim-Kopyasi-1.png 398w, https:\/\/binnurdumanakademi.org\/wp-content\/uploads\/2024\/06\/cropped-Adsiz-Tasarim-Kopyasi-1-298x300.png 298w, https:\/\/binnurdumanakademi.org\/wp-content\/uploads\/2024\/06\/cropped-Adsiz-Tasarim-Kopyasi-1-150x150.png 150w\" sizes=\"auto, (max-width: 398px) 100vw, 398px\" \/>\n                        <div class=\"h-image__frame h-hide-lg h-hide-md h-hide-sm style-725-frameImage style-local-43-c21-frameImage\"><\/div>\n                      <\/div>\n                    <\/a>\n                  <\/div>\n                <\/div>\n                <div data-colibri-id=\"43-c22\" class=\"h-global-transition-all h-heading style-726 style-local-43-c22 position-relative h-element\">\n                  <!---->\n                  <div class=\"h-heading__outer style-726 style-local-43-c22\">\n                    <!---->\n                    <!---->\n                    <a href=\"https:\/\/binnurdumanakademi.org\/index.php\/7-kusak-atasal-soyagaci-calismasi\/\" h-use-smooth-scroll=\"true\">\n                      <h3 class=\"\">7-ku\u015fak Atasal Soya\u011fac\u0131 \u00c7al\u0131\u015fmas\u0131<\/h3>\n                    <\/a>\n                  <\/div>\n                <\/div>\n              <\/div>\n            <\/div>\n          <\/div>\n          <div class=\"h-column h-column-container d-flex h-col-lg-4 h-col-md-4 h-col-12 style-712-outer style-local-43-c23-outer\">\n            <div data-colibri-id=\"43-c23\" class=\"d-flex h-flex-basis h-column__inner h-px-lg-2 h-px-md-2 h-px-2 v-inner-lg-2 v-inner-md-2 v-inner-2 style-712 style-local-43-c23 position-relative\">\n              <!---->\n              <!---->\n              <div class=\"w-100 h-y-container h-column__content h-column__v-align flex-basis-100 align-self-lg-start align-self-md-start align-self-start\">\n                <!---->\n                <div data-colibri-id=\"43-c24\" class=\"d-block style-727 style-local-43-c24 position-relative h-element\">\n                  <!---->\n                  <div class=\"h-image__frame-container-outer\">\n                    <a href=\"https:\/\/binnurdumanakademi.org\/index.php\/3-goz-aktivasyonu\/\" h-use-smooth-scroll=\"true\" class=\"image-link\">\n                      <div class=\"h-image__frame-container\">\n                        <!---->\n                        <!---->\n                        <img loading=\"lazy\" decoding=\"async\" width=\"398\" height=\"400\" src=\"https:\/\/binnurdumanakademi.org\/wp-content\/uploads\/2024\/06\/cropped-Adsiz-Tasarim-Kopyasi-2.png\" class=\"wp-image-807 style-727-image style-local-43-c24-image\" alt=\"\" srcset=\"https:\/\/binnurdumanakademi.org\/wp-content\/uploads\/2024\/06\/cropped-Adsiz-Tasarim-Kopyasi-2.png 398w, https:\/\/binnurdumanakademi.org\/wp-content\/uploads\/2024\/06\/cropped-Adsiz-Tasarim-Kopyasi-2-150x150.png 150w\" sizes=\"auto, (max-width: 398px) 100vw, 398px\" \/>\n                        <div class=\"h-image__frame h-hide-lg h-hide-md h-hide-sm style-727-frameImage style-local-43-c24-frameImage\"><\/div>\n                      <\/div>\n                    <\/a>\n                  <\/div>\n                <\/div>\n                <div data-colibri-id=\"43-c25\" class=\"h-global-transition-all h-heading style-728 style-local-43-c25 position-relative h-element\">\n                  <!---->\n                  <div class=\"h-heading__outer style-728 style-local-43-c25\">\n                    <!---->\n                    <!---->\n                    <a href=\"https:\/\/binnurdumanakademi.org\/index.php\/3-goz-aktivasyonu\/\" h-use-smooth-scroll=\"true\">\n                      <h3 class=\"\">3.G\u00f6z Aktivasyonu<\/h3>\n                    <\/a>\n                  <\/div>\n                <\/div>\n              <\/div>\n            <\/div>\n          <\/div>\n          <div class=\"h-column h-column-container d-flex h-col-lg-4 h-col-md-4 h-col-12 style-713-outer style-local-43-c26-outer\">\n            <div data-colibri-id=\"43-c26\" class=\"d-flex h-flex-basis h-column__inner h-px-lg-2 h-px-md-2 h-px-2 v-inner-lg-2 v-inner-md-2 v-inner-2 style-713 style-local-43-c26 position-relative\">\n              <!---->\n              <!---->\n              <div class=\"w-100 h-y-container h-column__content h-column__v-align flex-basis-100 align-self-lg-start align-self-md-start align-self-start\">\n                <!---->\n                <div data-colibri-id=\"43-c27\" class=\"d-block style-729 style-local-43-c27 position-relative h-element\">\n                  <!---->\n                  <div class=\"h-image__frame-container-outer\">\n                    <a href=\"https:\/\/binnurdumanakademi.org\/index.php\/level-basamalari\/\" h-use-smooth-scroll=\"true\" class=\"image-link\">\n                      <div class=\"h-image__frame-container\">\n                        <!---->\n                        <!---->\n                        <img loading=\"lazy\" decoding=\"async\" width=\"1281\" height=\"1281\" src=\"https:\/\/binnurdumanakademi.org\/wp-content\/uploads\/2024\/06\/cropped-level2.jpg\" class=\"wp-image-808 style-729-image style-local-43-c27-image\" alt=\"\" srcset=\"https:\/\/binnurdumanakademi.org\/wp-content\/uploads\/2024\/06\/cropped-level2.jpg 1281w, https:\/\/binnurdumanakademi.org\/wp-content\/uploads\/2024\/06\/cropped-level2-300x300.jpg 300w, https:\/\/binnurdumanakademi.org\/wp-content\/uploads\/2024\/06\/cropped-level2-1024x1024.jpg 1024w, https:\/\/binnurdumanakademi.org\/wp-content\/uploads\/2024\/06\/cropped-level2-150x150.jpg 150w, https:\/\/binnurdumanakademi.org\/wp-content\/uploads\/2024\/06\/cropped-level2-768x768.jpg 768w\" sizes=\"auto, (max-width: 1281px) 100vw, 1281px\" \/>\n                        <div class=\"h-image__frame h-hide-lg h-hide-md h-hide-sm style-729-frameImage style-local-43-c27-frameImage\"><\/div>\n                      <\/div>\n                    <\/a>\n                  <\/div>\n                <\/div>\n                <div data-colibri-id=\"43-c28\" class=\"h-global-transition-all h-heading style-730 style-local-43-c28 position-relative h-element\">\n                  <!---->\n                  <div class=\"h-heading__outer style-730 style-local-43-c28\">\n                    <!---->\n                    <!---->\n                    <a href=\"https:\/\/binnurdumanakademi.org\/index.php\/level-basamalari\/\" h-use-smooth-scroll=\"true\">\n                      <h3 class=\"\">Level Basamaklar\u0131<\/h3>\n                    <\/a>\n                  <\/div>\n                <\/div>\n              <\/div>\n            <\/div>\n          <\/div>\n        <\/div>\n      <\/div>\n    <\/div>\n  <\/div>\n<\/div>","protected":false},"excerpt":{"rendered":"<p>\u00c7ALI\u015eMALARIMIZ Anne Karn\u0131 \u015eifa \u00c7al\u0131\u015fmas\u0131 Anne ve Babayla Helalle\u015fme \u00c7al\u0131\u015fmas\u0131 Psi\u015fik \u00c7al\u0131\u015fma Psi\u015fik Ameliyat \u00c7al\u0131\u015fmas\u0131 7-ku\u015fak Atasal Soya\u011fac\u0131 \u00c7al\u0131\u015fmas\u0131 3.G\u00f6z Aktivasyonu Level Basamaklar\u0131<\/p>\n","protected":false},"author":1,"featured_media":0,"parent":0,"menu_order":0,"comment_status":"closed","ping_status":"closed","template":"page-templates\/full-width-page.php","meta":{"footnotes":""},"class_list":["post-43","page","type-page","status-publish","hentry"],"_links":{"self":[{"href":"https:\/\/binnurdumanakademi.org\/index.php\/wp-json\/wp\/v2\/pages\/43","targetHints":{"allow":["GET"]}}],"collection":[{"href":"https:\/\/binnurdumanakademi.org\/index.php\/wp-json\/wp\/v2\/pages"}],"about":[{"href":"https:\/\/binnurdumanakademi.org\/index.php\/wp-json\/wp\/v2\/types\/page"}],"author":[{"embeddable":true,"href":"https:\/\/binnurdumanakademi.org\/index.php\/wp-json\/wp\/v2\/users\/1"}],"replies":[{"embeddable":true,"href":"https:\/\/binnurdumanakademi.org\/index.php\/wp-json\/wp\/v2\/comments?post=43"}],"version-history":[{"count":5,"href":"https:\/\/binnurdumanakademi.org\/index.php\/wp-json\/wp\/v2\/pages\/43\/revisions"}],"predecessor-version":[{"id":838,"href":"https:\/\/binnurdumanakademi.org\/index.php\/wp-json\/wp\/v2\/pages\/43\/revisions\/838"}],"wp:attachment":[{"href":"https:\/\/binnurdumanakademi.org\/index.php\/wp-json\/wp\/v2\/media?parent=43"}],"curies":[{"name":"wp","href":"https:\/\/api.w.org\/{rel}","templated":true}]}}