{"id":34,"date":"2024-06-12T15:21:22","date_gmt":"2024-06-12T12:21:22","guid":{"rendered":"http:\/\/binnurdumanakademi.org\/index.php\/colibri-wp\/"},"modified":"2025-04-02T14:09:00","modified_gmt":"2025-04-02T11:09:00","slug":"colibri-wp","status":"publish","type":"page","link":"https:\/\/binnurdumanakademi.org\/","title":{"rendered":"Front Page"},"content":{"rendered":"<div data-colibri-id=\"34-c1\" class=\"style-191 style-local-34-c1 position-relative\">\n  <!---->\n  <div data-colibri-component=\"section\" data-colibri-id=\"34-c2\" id=\"custom\" class=\"h-section h-section-global-spacing d-flex align-items-lg-center align-items-md-center align-items-center style-341 style-local-34-c2 position-relative\">\n    <!---->\n    <!---->\n    <div class=\"h-section-grid-container h-section-fluid-container\">\n      <!---->\n      <div data-colibri-id=\"34-c3\" class=\"h-row-container gutters-row-lg-1 gutters-row-md-1 gutters-row-0 gutters-row-v-lg-1 gutters-row-v-md-1 gutters-row-v-1 style-344 style-local-34-c3 position-relative\">\n        <!---->\n        <div class=\"h-row justify-content-lg-center justify-content-md-center justify-content-center align-items-lg-stretch align-items-md-stretch align-items-stretch gutters-col-lg-1 gutters-col-md-1 gutters-col-0 gutters-col-v-lg-1 gutters-col-v-md-1 gutters-col-v-1\">\n          <!---->\n          <div class=\"h-column h-column-container d-flex h-col-lg-auto h-col-md-auto h-col-auto style-345-outer style-local-34-c4-outer\">\n            <div data-colibri-id=\"34-c4\" class=\"d-flex h-flex-basis h-column__inner h-px-lg-0 h-px-md-0 h-px-0 v-inner-lg-0 v-inner-md-0 v-inner-0 style-345 style-local-34-c4 position-relative\">\n              <!---->\n              <!---->\n              <div class=\"w-100 h-y-container h-column__content h-column__v-align flex-basis-100 align-self-lg-start align-self-md-start align-self-start\">\n                <!---->\n                <div data-colibri-id=\"34-c5\" class=\"h-row-container gutters-row-lg-0 gutters-row-md-0 gutters-row-0 gutters-row-v-lg-0 gutters-row-v-md-0 gutters-row-v-0 style-421 style-local-34-c5 position-relative\">\n                  <!---->\n                  <div class=\"h-row justify-content-lg-center justify-content-md-center justify-content-center align-items-lg-stretch align-items-md-stretch align-items-stretch gutters-col-lg-0 gutters-col-md-0 gutters-col-0 gutters-col-v-lg-0 gutters-col-v-md-0 gutters-col-v-0\">\n                    <!---->\n                    <div class=\"h-column h-column-container d-flex h-col-lg-auto h-col-md-auto h-col-auto style-422-outer style-local-34-c6-outer\">\n                      <div data-colibri-id=\"34-c6\" class=\"d-flex h-flex-basis h-column__inner h-px-lg-0 h-px-md-0 h-px-0 v-inner-lg-0 v-inner-md-0 v-inner-0 style-422 style-local-34-c6 position-relative\">\n                        <!---->\n                        <!---->\n                        <div class=\"w-100 h-y-container h-column__content h-column__v-align flex-basis-100 align-self-lg-center align-self-md-center align-self-center\">\n                          <!---->\n                          <div data-colibri-id=\"34-c7\" class=\"h-global-transition-all h-heading style-346 style-local-34-c7 position-relative h-element\">\n                            <!---->\n                            <div class=\"h-heading__outer style-346 style-local-34-c7\">\n                              <!---->\n                              <!---->\n                              <h2 class=\"\">Sen ,yolunumu kaybettin?\n                                <br>Ve Kendi ba\u015f\u0131na bir t\u00fcrl\u00fc \u00e7\u0131k\u0131\u015f yolunu bulam\u0131yormusun?\n                                <br> Hayat\u0131nda Hi\u00e7bir \u015fey yolunda gitmiyorumu ?<\/h2>\n                            <\/div>\n                          <\/div>\n                        <\/div>\n                      <\/div>\n                    <\/div>\n                    <div class=\"h-column h-column-container d-flex h-col-lg-auto h-col-md-auto h-col-auto style-423-outer style-local-34-c8-outer\">\n                      <div data-colibri-id=\"34-c8\" class=\"d-flex h-flex-basis h-column__inner h-px-lg-0 h-px-md-0 h-px-0 v-inner-lg-0 v-inner-md-0 v-inner-0 style-423 style-local-34-c8 position-relative\">\n                        <!---->\n                        <!---->\n                        <div class=\"w-100 h-y-container h-column__content h-column__v-align flex-basis-100 align-self-lg-start align-self-md-start align-self-start\">\n                          <!---->\n                          <div data-colibri-id=\"34-c9\" class=\"d-block style-424 style-local-34-c9 position-relative h-element\">\n                            <!---->\n                            <div class=\"h-image__frame-container-outer\">\n                              <div class=\"h-image__frame-container\">\n                                <!---->\n                                <!---->\n                                <img decoding=\"async\" src=\"https:\/\/binnurdumanakademi.org\/wp-content\/uploads\/2024\/07\/Adsiz-tasarim-1024x1024.png\" class=\"style-424-image style-local-34-c9-image\">\n                                <div class=\"h-image__frame h-hide-lg h-hide-md h-hide-sm style-424-frameImage style-local-34-c9-frameImage\"><\/div>\n                              <\/div>\n                            <\/div>\n                          <\/div>\n                        <\/div>\n                      <\/div>\n                    <\/div>\n                  <\/div>\n                <\/div>\n                <div data-colibri-id=\"34-c10\" class=\"h-text h-text-component style-352 style-local-34-c10 position-relative h-element\">\n                  <!---->\n                  <!---->\n                  <div class=\"\">\n                    <p>Hak etti\u011fine \u0130nand\u0131\u011f\u0131n, Ama bir t\u00fcrl\u00fc haketmedi\u011fin \u015feyleri ya\u015f\u0131yorsan hedeflerine ula\u015fmakta Hep zorlan\u0131yorsan ,var olan potansiyelini a\u00e7\u0131\u011fa \u00e7\u0131karam\u0131yorsan Yeni potansiyeller yaratam\u0131yorsan S\u00fcrekli ayn\u0131 Sorunlarla Ayn\u0131 sormalda D\u00f6n\u00fcp\n                      duruyorsan ve Bunlar\u0131n alt\u0131nda yatan nedenleri de Ne oldu\u011funu ,\u0130\u00e7inden nas\u0131l \u00e7\u0131kaca\u011f\u0131n\u0131 bilmiyorsan o zaman dur..!<\/p>\n                    <p>\u00c7\u00fcnk\u00fc buradan \u00e7\u0131k\u0131\u015f var bu karanl\u0131k t\u00fcnelden \u00c7\u0131k\u0131\u015f yolunu bulmana yard\u0131m edebilirim \u00d6ncelikle kendine inan\u0131r G\u00fcvenirsen Buradan \u00e7\u0131k\u0131\u015f ver sen kendine inanana kadar kendine ait bir hayat\u0131n olmayacak \u015eu ana kadar ya\u015fad\u0131\u011f\u0131n hayat seni\n                      mutlu etmediyse , ni\u00e7in ayn\u0131 hayata devam etmek i\u00e7in direniyorsun ki ..!<\/p>\n                    <p>Hadi kalk ..!<\/p>\n                    <p>\u0130\u00e7indeki \u0131\u015f\u0131\u011f\u0131 yak. bug\u00fcn ba\u015fla..<\/p>\n                    <p>Art\u0131k kendini erteleme i\u00e7indeki kahraman erteleme .. \u201c\u00c7ekilin kenara, ben geliyorum\u201d de Yeni hayat\u0131n i\u00e7in niyet et..! kendine g\u00fcven..!<\/p>\n                    <p>\u00e7\u00fcnk\u00fc sen g\u00fcc\u00fcn\u00fcn kendisisin..!<\/p>\n                    <p>SEN; sevginin ve \u0131\u015f\u0131\u011f\u0131n kendisisin Art\u0131k kendini fark et..!<\/p>\n                    <p>Ba\u015faranlara, nas\u0131l yap\u0131yorlar diye \u015fa\u015f\u0131rma , onlardan biri de sen ol..! \u015eimdi ya\u015fam\u0131ndaki her\u015feyin fark\u0131na varma zaman\u0131, ya\u015fatmakta oldu\u011fun her\u015feyin fark\u0131na var. G\u00fcc\u00fcn\u00fc nas\u0131l kulland\u0131\u011f\u0131n\u0131n ve Neleri ya\u015fam\u0131n\u0131n odak noktas\u0131 haline getirerek\n                      b\u00fcy\u00fctt\u00fc\u011f\u00fcn\u00fc fark etme zaman\u0131! Kendini yenilemen, duygular\u0131n\u0131 iyile\u015ftirmen ve tazelemek i\u00e7in m\u00fckemmel bir an!<\/p>\n                    <p>T\u00fcm ya\u015fanm\u0131\u015fl\u0131klardan Hatalar\u0131ndan, alman gereken dersleri al ve Sana y\u00fcklenen ve sana ait olmayan A\u011f\u0131rl\u0131klar\u0131ndan vedala\u015farak, g\u00fcc\u00fcn\u00fc eline al..! <\/p>\n                    <p>Kendi hayat\u0131n\u0131n kontrol\u00fcn\u00fc eline al..!<\/p>\n                    <p>Bu hayat senin bu yolculuk senin kendin olmak i\u00e7in buradas\u0131n ba\u015fkalar\u0131ndan al\u0131nm\u0131\u015f rolleri maskeleri b\u0131rak.!<\/p>\n                    <p>Seni s\u0131n\u0131rlayan D\u00fc\u015f\u00fcnce Ve inan\u00e7 kal\u0131plar\u0131ndan, Ge\u00e7mi\u015ften ve \u00e7ocukluktan y\u00fcklenmi\u015f olan Ve senin geli\u015fimine hizmet etmeyen olumsuz d\u00fc\u015f\u00fcnceleri B\u0131rakmal\u0131s\u0131n..<\/p>\n                    <p>\u00d6\u011frenilmi\u015f \u00e7aresizlikleri,i\u015fe yaramayan, olumsuz zihin oyunlar\u0131n\u0131n yaratt\u0131\u011f\u0131 ilizyondan \u00e7\u0131karak, Kendine koydu\u011fun engelleri kald\u0131r..<\/p>\n                    <p>Gereksiz blokaj ve filtrelerden kurtul, Ge\u00e7mi\u015fte ne olduysa oldu ge\u00e7mi\u015f ge\u00e7mi\u015fte kald\u0131 g\u00f6revini tamamlad\u0131 bundan sonraki y\u0131llar\u0131n\u0131z muhte\u015fem olsun yeni bir sayfa a\u00e7mak, yeni potansiyeller yaratmak, ger\u00e7ekle\u015fmesini istedi\u011finiz hayat\u0131\n                      ya\u015famak istiyorsan\u0131z, size \u0131\u015f\u0131k olacak, yol g\u00f6sterecek ve \u015fifan\u0131n kap\u0131s\u0131n\u0131 sizlere a\u00e7mak bu yolculukta m\u00fcmk\u00fcn..<\/p>\n                    <p>Kendinize bir iylik yap\u0131n ne kadar de\u011ferli ve ne kadar \u00f6zel oldu\u011funuzu bilin ve gelin Hayat\u0131n\u0131zda yeni bir sayfa a\u00e7mak i\u00e7in ilk ad\u0131m\u0131 at\u0131n&#8230;<\/p>\n                    <p>\n                      <br>\n                    <\/p>\n                  <\/div>\n                <\/div>\n              <\/div>\n            <\/div>\n          <\/div>\n        <\/div>\n      <\/div>\n    <\/div>\n  <\/div>\n  <div data-colibri-component=\"section\" data-colibri-id=\"34-c15\" id=\"custom-3\" class=\"h-section h-section-global-spacing d-flex align-items-lg-center align-items-md-center align-items-center style-359 style-local-34-c15 position-relative\">\n    <!---->\n    <!---->\n    <div class=\"h-section-grid-container h-section-boxed-container\">\n      <!---->\n      <div data-colibri-id=\"34-c16\" class=\"h-row-container gutters-row-lg-2 gutters-row-md-2 gutters-row-0 gutters-row-v-lg-2 gutters-row-v-md-2 gutters-row-v-2 style-360 style-local-34-c16 position-relative\">\n        <!---->\n        <div class=\"h-row justify-content-lg-center justify-content-md-center justify-content-center align-items-lg-stretch align-items-md-stretch align-items-stretch gutters-col-lg-2 gutters-col-md-2 gutters-col-0 gutters-col-v-lg-2 gutters-col-v-md-2 gutters-col-v-2\">\n          <!---->\n          <div class=\"h-column h-column-container d-flex h-col-lg-auto h-col-md-auto h-col-auto style-361-outer style-local-34-c17-outer\">\n            <div data-colibri-id=\"34-c17\" class=\"d-flex h-flex-basis h-column__inner h-px-lg-2 h-px-md-2 h-px-2 v-inner-lg-2 v-inner-md-2 v-inner-2 style-361 style-local-34-c17 position-relative\">\n              <!---->\n              <!---->\n              <div class=\"w-100 h-y-container h-column__content h-column__v-align flex-basis-100 align-self-lg-start align-self-md-start align-self-start\">\n                <!---->\n                <div data-colibri-id=\"34-c18\" class=\"h-global-transition-all h-heading style-411 style-local-34-c18 position-relative h-element\">\n                  <!---->\n                  <div class=\"h-heading__outer style-411 style-local-34-c18\">\n                    <!---->\n                    <!---->\n                    <h3 class=\"\">Bu hayat senin ve bu filmin ba\u015frol kahraman\u0131 SENS\u0130N. Kendi \u00f6n\u00fcnden \u00c7ekil..!<\/h3>\n                  <\/div>\n                <\/div>\n                <div data-colibri-id=\"34-c19\" class=\"h-x-container style-566 style-local-34-c19 position-relative h-element\">\n                  <!---->\n                  <div class=\"h-x-container-inner style-dynamic-34-c19-group style-566-spacing style-local-34-c19-spacing\"><span class=\"h-button__outer style-567-outer style-local-34-c20-outer d-inline-flex h-element\"><a h-use-smooth-scroll=\"true\" href=\"https:\/\/binnurdumanakademi.org\/index.php\/iletisim\"  data-colibri-id=\"34-c20\" class=\"d-flex w-100 align-items-center h-button justify-content-lg-center justify-content-md-center justify-content-center style-567 style-local-34-c20 position-relative\"><!----><!----> <span>\u0130leti\u015fime Ge\u00e7in<\/span><\/a>\n                    <\/span>\n                  <\/div>\n                <\/div>\n              <\/div>\n            <\/div>\n          <\/div>\n        <\/div>\n      <\/div>\n    <\/div>\n  <\/div>\n<\/div>","protected":false},"excerpt":{"rendered":"<p>Sen ,yolunumu kaybettin? Ve Kendi ba\u015f\u0131na bir t\u00fcrl\u00fc \u00e7\u0131k\u0131\u015f yolunu bulam\u0131yormusun? Hayat\u0131nda Hi\u00e7bir \u015fey yolunda gitmiyorumu ? Hak etti\u011fine \u0130nand\u0131\u011f\u0131n, Ama bir t\u00fcrl\u00fc haketmedi\u011fin \u015feyleri ya\u015f\u0131yorsan hedeflerine ula\u015fmakta Hep zorlan\u0131yorsan ,var olan potansiyelini a\u00e7\u0131\u011fa \u00e7\u0131karam\u0131yorsan Yeni potansiyeller yaratam\u0131yorsan S\u00fcrekli ayn\u0131 Sorunlarla Ayn\u0131 sormalda D\u00f6n\u00fcp duruyorsan ve Bunlar\u0131n alt\u0131nda yatan nedenleri de Ne oldu\u011funu ,\u0130\u00e7inden nas\u0131l [&hellip;]<\/p>\n","protected":false},"author":1,"featured_media":0,"parent":0,"menu_order":0,"comment_status":"closed","ping_status":"closed","template":"page-templates\/homepage.php","meta":{"footnotes":""},"class_list":["post-34","page","type-page","status-publish","hentry"],"_links":{"self":[{"href":"https:\/\/binnurdumanakademi.org\/index.php\/wp-json\/wp\/v2\/pages\/34","targetHints":{"allow":["GET"]}}],"collection":[{"href":"https:\/\/binnurdumanakademi.org\/index.php\/wp-json\/wp\/v2\/pages"}],"about":[{"href":"https:\/\/binnurdumanakademi.org\/index.php\/wp-json\/wp\/v2\/types\/page"}],"author":[{"embeddable":true,"href":"https:\/\/binnurdumanakademi.org\/index.php\/wp-json\/wp\/v2\/users\/1"}],"replies":[{"embeddable":true,"href":"https:\/\/binnurdumanakademi.org\/index.php\/wp-json\/wp\/v2\/comments?post=34"}],"version-history":[{"count":20,"href":"https:\/\/binnurdumanakademi.org\/index.php\/wp-json\/wp\/v2\/pages\/34\/revisions"}],"predecessor-version":[{"id":907,"href":"https:\/\/binnurdumanakademi.org\/index.php\/wp-json\/wp\/v2\/pages\/34\/revisions\/907"}],"wp:attachment":[{"href":"https:\/\/binnurdumanakademi.org\/index.php\/wp-json\/wp\/v2\/media?parent=34"}],"curies":[{"name":"wp","href":"https:\/\/api.w.org\/{rel}","templated":true}]}}